the prime factors of 6101849.
13, 131, 3583
List the prime factors of 352345.
5, 7, 10067
List the prime factors of 2397076.
2, 11, 157, 347
List the prime factors of 7894981.
7894981
What are the prime factors of 450567?
3, 13, 3851
What are the prime factors of 5649546?
2, 3, 7, 134513
What are the prime factors of 75844?
2, 67, 283
List the prime factors of 1611124.
2, 17, 19, 29, 43
List the prime factors of 20398750.
2, 5, 16319
What are the prime factors of 2235401?
7, 319343
What are the prime factors of 8468994?
2, 3, 1411499
What are the prime factors of 311519?
13, 31, 773
List the prime factors of 15071793.
3, 11, 29, 15749
What are the prime factors of 181008?
2, 3, 419
List the prime factors of 4172548.
2, 17, 43, 1427
What are the prime factors of 26558737?
26558737
List the prime factors of 283307.
491, 577
What are the prime factors of 274254?
2, 3, 43, 1063
What are the prime factors of 240431?
17, 14143
List the prime factors of 1348897.
11, 149, 823
What are the prime factors of 37539?
3, 43, 97
List the prime factors of 435493.
29, 15017
What are the prime factors of 2346984?
2, 3, 37, 881
What are the prime factors of 5260076?
2, 1315019
What are the prime factors of 423247?
11, 109, 353
List the prime factors of 38984.
2, 11, 443
What are the prime factors of 1748727?
3, 83, 2341
What are the prime factors of 4176424?
2, 7, 17, 41, 107
What are the prime factors of 100913?
100913
List the prime factors of 955548.
2, 3, 11, 19, 127
What are the prime factors of 32614?
2, 23, 709
List the prime factors of 27344247.
3, 7, 1302107
What are the prime factors of 18799?
11, 1709
List the prime factors of 10061448.
2, 3, 127, 3301
List the prime factors of 5100632.
2, 727, 877
List the prime factors of 349617.
3, 116539
List the prime factors of 123948.
2, 3, 11, 313
What are the prime factors of 11900393?
911, 13063
What are the prime factors of 1868273?
11, 169843
List the prime factors of 457336.
2, 11, 5197
What are the prime factors of 2924279?
61, 47939
What are the prime factors of 4527584?
2, 151, 937
What are the prime factors of 650117?
13, 43, 1163
List the prime factors of 5372070.
2, 3, 5, 11, 73, 223
List the prime factors of 280989.
3, 3469
List the prime factors of 408885.
3, 5, 27259
What are the prime factors of 21371445?
3, 5, 52769
List the prime factors of 1440416.
2, 45013
List the prime factors of 90331.
103, 877
List the prime factors of 1619693.
19, 85247
List the prime factors of 250415.
5, 11, 29, 157
List the prime factors of 297050.
2, 5, 13, 457
List the prime factors of 5674468.
2, 23, 37, 1667
What are the prime factors of 604142?
2, 7, 11, 3923
List the prime factors of 297975.
3, 5, 29, 137
List the prime factors of 637128.
2, 3, 8849
List the prime factors of 7523940.
2, 3, 5, 125399
What are the prime factors of 60853?
13, 31, 151
What are the prime factors of 433621?
199, 2179
List the prime factors of 521584.
2, 7, 4657
List the prime factors of 41376727.
7, 61, 109, 127
What are the prime factors of 533617?
7, 76231
List the prime factors of 478643.
11, 53, 821
What are the prime factors of 6027551?
1787, 3373
What are the prime factors of 10391395?
5, 7, 337, 881
What are the prime factors of 3769210?
2, 5, 376921
What are the prime factors of 3873493?
13, 37, 8053
List the prime factors of 4458159.
3, 23, 2393
List the prime factors of 8597139.
3, 19, 150827
List the prime factors of 216365.
5, 109, 397
List the prime factors of 972857.
19, 51203
List the prime factors of 3291300.
2, 3, 5, 23, 53
List the prime factors of 128887.
11, 11717
What are the prime factors of 455958?
2, 3, 73, 347
List the prime factors of 14793598.
2, 61, 121259
What are the prime factors of 2949146?
2, 509, 2897
What are the prime factors of 510671?
7, 72953
List the prime factors of 2730820.
2, 5, 136541
List the prime factors of 12545190.
2, 3, 5, 7, 19913
What are the prime factors of 2100490?
2, 5, 7, 37, 811
List the prime factors of 240046.
2, 19, 6317
List the prime factors of 2715641.
127, 21383
List the prime factors of 437903.
17, 25759
What are the prime factors of 765668?
2, 79, 2423
What are the prime factors of 8868880?
2, 5, 59, 1879
List the prime factors of 7798448.
2, 7, 29
List the prime factors of 4461354.
2, 3, 247853
What are the prime factors of 2013384?
2, 3, 83891
List the prime factors of 2646794.
2, 23, 163, 353
What are the prime factors of 2249887?
31, 72577
List the prime factors of 27157045.
5, 127, 42767
What are the prime factors of 949062?
2, 3, 367, 431
What are the prime factors of 8487058?
2, 4243529
What are the prime factors of 1341266?
2, 17, 103, 383
List the prime factors of 9745193.
739, 13187
List the prime factors of 273989.
17, 71, 227
List the prime factors of 8154316.
2, 2038579
List the prime factors of 979666.
2, 489833
What are the prime factors of 3354839?
443, 7573
List the prime factors of 167944.
2, 7, 2999
List the prime factors of 28182579.
3, 199, 47207
What are the prime factors of 695858?
2, 347929
What are the prime factors of 2544878?
2, 7, 181777
What are the prime factors of 1778592?
2, 3, 97, 191
List the prime factors of 1118891.
19, 58889
List the prime factors of 514539.
3, 17, 19, 59
What are the prime factors of 36734493?
3, 181, 67651
What are the prime factors of 62318?
2, 31159
List the prime factors of 1152724.
2, 288181
List the prime factors of 1913715.
3, 5, 23, 43
What are the prime factors of 6996010?
2, 5, 7, 17, 5879
What are the prime factors of 4354749?
3, 7, 23041
List the prime factors of 662424.
2, 3, 7, 3943
What are the prime factors of 4189472?
2, 7, 59, 317
What are the prime factors of 22559259?
3, 101, 74453
List the prime factors of 8686550.
2, 5, 67, 2593
What are the prime factors of 215274?
2, 3, 35879
What are the prime factors of 5253587?
5253587
List the prime factors of 412613.
47, 8779
List the prime factors of 353496.
2, 3, 11, 13, 103
What are the prime factors of 602730?
2, 3, 5, 37, 181
What are the prime factors of 1760799?
3, 586933
List the prime factors of 1144555.
5, 228911
List the prime factors of 27061549.
27061549
List the prime factors of 2706988.
2, 676747
What are the prime factors of 405283?
23, 67, 263
List the prime factors of 329154.
2, 3, 7, 17, 461
List the prime factors of 78500.
2, 5, 157
List the prime factors of 748219.
748219
What are the prime factors of 8155405?
5, 131, 12451
List the prime factors of 403003.
403003
What are the prime factors of 1055075?
5, 7, 6029
List the prime factors of 193904.
2, 12119
List the prime factors of 1374689.
41, 33529
What are the prime factors of 295378?
2, 147689
What are the prime factors of 7856313?
3, 79, 33149
What are the prime factors of 14924865?
3, 5, 994991
What are the prime factors of 1522119?
3, 313, 1621
List the prime factors of 2537564.
2, 19, 173, 193
What are the prime factors of 14714396?
2, 3678599
List the prime factors of 3880078.
2, 167, 11617
What are the prime factors of 309865?
5, 29, 2137
List the prime factors of 86150.
2, 5, 1723
List the prime factors of 194281.
23, 8447
What are the prime factors of 264493?
43, 6151
List the prime factors of 488578.
2, 191, 1279
What are the prime factors of 452705?
5, 11, 8231
List the prime factors of 15147047.
19, 811, 983
List the prime factors of 1484974.
2, 29, 25603
List the prime factors of 9438511.
83, 113717
List the prime factors of 2525735.
5, 107, 4721
What are the prime factors of 183767?
151, 1217
What are the prime factors of 8554970?
2, 5, 359, 2383
List the prime factors of 217665.
3, 5, 7, 691
List the prime factors of 3060795.
3, 5, 419, 487
List the prime factors of 300710.
2, 5, 30071
List the prime factors of 2426077.
2426077
What are the prime factors of 1090007?
43, 25349
List the prime factors of 383534.
2, 19, 10093
List the prime factors of 566635.
5, 113327
List the prime factors of 20234823.
3, 7, 79, 12197
What are the prime factors of 4882856?
2, 11, 55487
What are the prime factors of 258249?
3, 86083
List the prime factors of 10084888.
2, 11, 114601
List the prime factors of 3740330.
2, 5, 11, 37, 919
What are the prime factors of 10877497?
31, 350887
List the prime factors of 762976.
2, 113, 211
List the prime factors of 951531.
3, 7, 6473
List t